93, 2*a - 4*o = 610. List the prime factors of a.
7, 43
Suppose -15 = -5*f + 2*f. Suppose 3*s + 4*u + 98 = 6, f*s + 130 = -2*u. List the prime factors of -3 + (-3 - s) - -1.
19
Let o(m) = m**2 - 4. Let q be o(2). Suppose q*z + i - 7 = -z, 5*i + 15 = 5*z. Suppose -2*x = -v - z*x - 1, -v - 5*x = 5. List the prime factors of v.
5
Let b(k) = k - 5. Let p be b(7). What are the prime factors of 39/p*24/6?
2, 3, 13
Suppose 219*w - 193*w - 93860 = 0. What are the prime factors of w?
2, 5, 19
Let f(o) = o**3 - 6*o**2 - 7*o + 10. Let r be f(4). Let q = r - -100. What are the prime factors of q?
2, 5
Suppose -7*r + 612 = -81. What are the prime factors of r?
3, 11
Let q be 3*(-16)/(-10)*300/(-72). Let m(z) = -2*z - 29. List the prime factors of m(q).
11
Let l(m) be the second derivative of 5*m**4/4 + 2*m**2 - 10*m. What are the prime factors of l(-3)?
139
Let i be (-3 - -3) + 12 + 0. Suppose -10*r + i = -8*r. What are the prime factors of r?
2, 3
Let i(y) = 9 + 0*y**2 + 4*y**2 - 22*y - y**2 - 12. List the prime factors of i(10).
7, 11
Suppose -z - 21 = -5*z - i, 5*z - 39 = 3*i. Suppose 31 = 5*u + z. What are the prime factors of u*1/(-2)*-2?
5
What are the prime factors of (-6606)/(-72) - 1/(-4)?
2, 23
Let o = 167 - 152. Suppose -4200 = -o*n + 3*n. What are the prime factors of n?
2, 5, 7
Let w = -407 - -810. List the prime factors of w/4 + 0 - (-2)/8.
101
Let k = 391 + 472. List the prime factors of k.
863
Suppose 291*g - 278*g = 51883. List the prime factors of g.
13, 307
Let o(j) = j**3 - 3*j**2 + 3*j - 287. Let c(q) = q**2 + 1. Let n(d) = -5*c(d) - o(d). What are the prime factors of n(0)?
2, 3, 47
What are the prime factors of 10 + -8 + -1 - 2*-1027?
3, 5, 137
Suppose -5*t + 26619 = a - 1738, 4 = 2*a. List the prime factors of t.
53, 107
Let c = 5 + 1. Suppose -3*f + c = -3. Suppose f*b - 26 = -8. List the prime factors of b.
2, 3
Suppose -5*c = -k + 2*k - 19, -2*c + 18 = 3*k. Suppose -k*s + 26 = -5*s. Let q = 49 + s. List the prime factors of q.
23
Suppose 4*i - 15 = -z, -3*i = -7*i - 4*z. Suppose i*c = 129 + 101. Suppose -3*a = -a - 3*k - 92, a - 5*k - c = 0. What are the prime factors of a?
2, 23
Suppose 5*m + m - 606 = 0. Let q = 84 + m. List the prime factors of q.
5, 37
Suppose -2*k + 10 = -3*a, 16 - 1 = -3*a + 3*k. Suppose a*v = -2*v + 5*o + 254, 0 = 2*v + 4*o - 290. List the prime factors of v.
137
Suppose 5*s - 4*j = 7424, -4*s + 5937 = -3*j + 2*j. List the prime factors of s.
2, 7, 53
Suppose -q = d, d - q = 3*d - 2. Suppose 0 = -l + 5*w - 108, -5*l = -d*l - w + 254. List the prime factors of (-7)/(-21) + l/(-3).
2, 7
Suppose 0 = -4*s + 20 - 56. Let r = s + 8. List the prime factors of 25 + (r - (-3 + 1)).
2, 13
Suppose 5*j = -z + 10, 5*j + 0*j - 5*z - 10 = 0. Suppose -4*q - b + 184 = -36, 3*q = j*b + 154. What are the prime factors of q?
2, 3
Suppose 8*t - 26 = 14. Suppose -t*n - 7 = -392. What are the prime factors of n?
7, 11
List the prime factors of 532160/300 - ((-310)/75 - -4).
2, 887
Let l be 7 + -5 - (0 + -1). Suppose -s - 4*x = -3*s + 212, l*x = 2*s - 216. List the prime factors of s.
2, 3, 19
Suppose -5*l + 6*l = 17. Let w = -18 + l. What are the prime factors of (-2 + (-44)/4)*w?
13
Suppose 3*w - 6 = 0, -2*m + 0*w + 5*w = -272. Suppose -3*b + 0*l - l = -408, -m = -b - 2*l. What are the prime factors of b?
3, 5
Let r = 72 - -771. What are the prime factors of r?
3, 281
Let k(d) = d**2 + 8*d + 1186. List the prime factors of k(0).
2, 593
Let z(a) = -a**2 + 10*a - 11. Let q be z(6). Let t(x) = x**3 - 13*x**2 - 2. Let w be t(q). What are the prime factors of w/11 - (-6890)/143?
2, 3
Let n(o) be the first derivative of 5*o**2 - 4*o + 5. Let y be n(6). Suppose -7*u + y = -3*u. List the prime factors of u.
2, 7
Suppose -4*o + 3*l + l + 180 = 0, -2*o + 95 = -3*l. Let q = 118 - o. What are the prime factors of q?
2, 3, 13
Let g(v) = 2*v + 14. Let a be g(17). Let w = -41 + a. List the prime factors of w.
7
Let j be (-3 + 52/16)*28. Suppose j*r = 2*r + 10. List the prime factors of r.
2
Suppose -3*l + 2*l = 3*n - 343, 4*n + 3*l = 454. List the prime factors of n/2 + 1*(-9)/6.
2, 7
Let x be (-38)/(-5) + (-6)/10. Let m(p) = p**3 - 4*p**2 - 13*p - 2. What are the prime factors of m(x)?
2, 3
Let c(j) = 7*j**2 - 2*j + 9*j - 6*j**2. Let u be c(-3). Let k = u + 15. List the prime factors of k.
3
Let o(q) = q. Let v(m) = 6*m + 3. Let t(g) = 4*o(g) - v(g). Let u be t(-3). Suppose -u*l = -4*i - 29, 3*l - i + 34 = 5*l. List the prime factors of l.
3, 5
Let h = 893 + -401. List the prime factors of h.
2, 3, 41
Suppose 5*m + 612 = r, 21*r + 2915 = 26*r + 4*m. List the prime factors of r.
587
Let g = 5411 + -2123. List the prime factors of g.
2, 3, 137
Let m = -765 - -1616. List the prime factors of m.
23, 37
Let x be (6/(-8))/(7/28). Let v = x + 17. Suppose -10*f - 100 = -v*f. List the prime factors of f.
5
Suppose 2*x + 0*x - 6865 = -5*r, -4*x = -2*r - 13766. What are the prime factors of x?
2, 5, 43
What are the prime factors of 2*(-65)/(-10)*89?
13, 89
Let r be -3 + -2*18/4. What are the prime factors of (-5 + 2)/(r/376)?
2, 47
Suppose -11*u + 27*u - 17696 = 0. List the prime factors of u.
2, 7, 79
Let k(x) = 9*x**2 + 3*x. Suppose 18 = 4*g + 6. Let u be 2 - (-4)/(2 - g). What are the prime factors of k(u)?
2, 3, 5
Suppose 3*w - 4*x + 3*x = 7025, -w + 2363 = 5*x. What are the prime factors of w?
3, 11, 71
Let k(n) = 70*n - 646. What are the prime factors of k(44)?
2, 1217
Let d(q) = q**2 + 8*q + 14. Let t be (1 + (-16 - -4))*1. Let y be 560/(-55) - 2/t. What are the prime factors of d(y)?
2, 17
Let n = -218 - -214. Let w(s) = 13*s + 14. Let z(r) = -144*r - 153. Let t(f) = 54*w(f) + 5*z(f). What are the prime factors of t(n)?
3, 7
Let b(a) = -41*a + 4. Let d be b(7). Let q = d + 406. Suppose q - 7 = 2*t. List the prime factors of t.
2, 29
Suppose 2*d + 0*c + 4*c - 2 = 0, 4*d = -2*c - 2. List the prime factors of 41/(d/(-6) + 1/6).
3, 41
Let f = -102 + 189. Let t be (2 - (2 - (-63)/(-15)))*-10. Let q = f + t. What are the prime factors of q?
3, 5
Let l(g) = 153*g**2 + 2*g + 2. Let i be l(-2). Suppose -8*v + i = 154. What are the prime factors of v?
3, 19
Suppose 0 = 2*m - 3*a - 19, -4*a + 9*a = -3*m. Suppose -w - 4 - 2 = 4*z, -2*z = -m*w + 14. Suppose w*n = 58 - 22. What are the prime factors of n?
2, 3
Let g = -30 - -24. Let b(j) = -27*j + 7. Let r be b(g). Let y = -99 + r. What are the prime factors of y?
2, 5, 7
Let h(c) = 10*c**3 - c**2 - 7*c + 21. What are the prime factors of h(3)?
3, 29
Suppose -n + 287 = 4*n + 3*z, 0 = 2*n + 3*z - 122. What are the prime factors of n + -3 + (-3 - -3)/(-3)?
2, 13
Let z be (8/2 + -74)/(-2). Suppose 0*h = h - z. List the prime factors of h.
5, 7
Let r(o) = -274*o**3 - o**2 - o. Let t be r(-1). Let u = -189 + t. What are the prime factors of u?
5, 17
Let o(s) = 341*s**2 - 53*s - 13. What are the prime factors of o(-4)?
3, 5, 13, 29
Let f be 132/30 - 2/5. Suppose -2*g - 2*q = -2, 3*g - f*q = -2*g - 40. Let y(u) = -u + 9. List the prime factors of y(g).
13
What are the prime factors of (857/3)/((-4)/(-24))?
2, 857
Suppose -w + 3*i + 388 = 0, 5*w - 1974 = -12*i + 10*i. Suppose 5*p - 51 = -5*z + w, 15 = 3*z. List the prime factors of p.
2, 3, 7
Let a = 26 + -24. What are the prime factors of 230/3 - (a/(-6))/1?
7, 11
Let a(m) = -11*m + m**2 + 15 + 5 - 16. Let y be a(11). Suppose 0 = y*l + 20, 5*j - 4*l = -44 + 189. What are the prime factors of j?
5
Suppose -5*n - 4*d = -28253 + 9035, 2*d - 7688 = -2*n. List the prime factors of n.
2, 17, 113
Suppose 17 = u + 5*p - p, 4*p = 3*u - 3. Let g be 1 + (4 - -1) + -3*1. Suppose u*k - g = 17. List the prime factors of k.
2
Let v be ((-46)/4)/((-8)/16). Let z = v + -21. Suppose -c = -3*a - 10, z = 3*c - a - 52. What are the prime factors of c?
19
Let p be 2/(-3) + 1/(-3). Suppose 6*y + 84 = -8*y. What are the prime factors of (93/y)/(p/2)?
31
Let p be (-4)/6*((-27)/(-6))/3. What are the prime factors of 30*3 + 4*(p + 2)?
2, 47
Let s be (7 + -7)/(3 - 2). Let x be 2/(-12)*-3*s. Suppose 5*g = -h + 144, x*g + 26 = g + 3*h. What are the prime factors of g?
29
Suppose 2745 = 2*v - 3*n, -2*n - 3093 = -4*v + 2393. List the prime factors of v.
3, 457
Let k be (-17 - -22)/((-5)/(-2)). What are the prime factors of 762/9*3/k?
127
Suppose 193 = -j + 5*s + 2955, 0 = -4*j - 3*s + 10956.